me factors of 102?
2, 3, 17
List the prime factors of 11730.
2, 3, 5, 17, 23
List the prime factors of 1862.
2, 7, 19
List the prime factors of 2495.
5, 499
What are the prime factors of 1168?
2, 73
List the prime factors of 3572.
2, 19, 47
List the prime factors of 42.
2, 3, 7
List the prime factors of 973.
7, 139
What are the prime factors of 1874?
2, 937
What are the prime factors of 6248?
2, 11, 71
List the prime factors of 2243.
2243
What are the prime factors of 6463?
23, 281
What are the prime factors of 46595?
5, 9319
What are the prime factors of 126310?
2, 5, 17, 743
List the prime factors of 1000.
2, 5
List the prime factors of 11244.
2, 3, 937
What are the prime factors of 4758?
2, 3, 13, 61
What are the prime factors of 4864?
2, 19
List the prime factors of 6157.
47, 131
What are the prime factors of 861?
3, 7, 41
List the prime factors of 6607.
6607
What are the prime factors of 19744?
2, 617
What are the prime factors of 1486?
2, 743
List the prime factors of 47490.
2, 3, 5, 1583
List the prime factors of 2279.
43, 53
List the prime factors of 7240.
2, 5, 181
What are the prime factors of 17328?
2, 3, 19
List the prime factors of 2030.
2, 5, 7, 29
What are the prime factors of 10811?
19, 569
List the prime factors of 4818.
2, 3, 11, 73
List the prime factors of 81224.
2, 11, 13, 71
What are the prime factors of 43572?
2, 3, 3631
List the prime factors of 13029.
3, 43, 101
List the prime factors of 1845.
3, 5, 41
What are the prime factors of 10515?
3, 5, 701
What are the prime factors of 7783?
43, 181
What are the prime factors of 6597?
3, 733
List the prime factors of 325.
5, 13
List the prime factors of 2412.
2, 3, 67
What are the prime factors of 7174?
2, 17, 211
List the prime factors of 7398.
2, 3, 137
What are the prime factors of 738?
2, 3, 41
What are the prime factors of 2561?
13, 197
List the prime factors of 5321.
17, 313
List the prime factors of 470.
2, 5, 47
What are the prime factors of 907?
907
What are the prime factors of 2953?
2953
List the prime factors of 3180.
2, 3, 5, 53
List the prime factors of 15224.
2, 11, 173
What are the prime factors of 1789?
1789
List the prime factors of 359.
359
What are the prime factors of 5633?
43, 131
What are the prime factors of 23769?
3, 19, 139
List the prime factors of 624.
2, 3, 13
List the prime factors of 17716.
2, 43, 103
List the prime factors of 80406.
2, 3, 1489
List the prime factors of 11013.
3, 3671
List the prime factors of 533.
13, 41
List the prime factors of 3017.
7, 431
What are the prime factors of 14671?
17, 863
List the prime factors of 93608.
2, 11701
What are the prime factors of 24167?
11, 13
What are the prime factors of 47518?
2, 23, 1033
What are the prime factors of 57366?
2, 3, 3187
List the prime factors of 1983.
3, 661
List the prime factors of 16443.
3, 7, 29
List the prime factors of 3174.
2, 3, 23
What are the prime factors of 18548?
2, 4637
What are the prime factors of 7082?
2, 3541
What are the prime factors of 57780?
2, 3, 5, 107
What are the prime factors of 29912?
2, 3739
List the prime factors of 13169.
13, 1013
List the prime factors of 38380.
2, 5, 19, 101
List the prime factors of 7072.
2, 13, 17
What are the prime factors of 1486?
2, 743
List the prime factors of 9553.
41, 233
List the prime factors of 39265.
5, 7853
What are the prime factors of 822?
2, 3, 137
What are the prime factors of 44563?
44563
What are the prime factors of 27432?
2, 3, 127
List the prime factors of 8396.
2, 2099
List the prime factors of 703.
19, 37
List the prime factors of 307.
307
List the prime factors of 9211.
61, 151
List the prime factors of 862.
2, 431
What are the prime factors of 2988?
2, 3, 83
List the prime factors of 9908.
2, 2477
List the prime factors of 17384.
2, 41, 53
List the prime factors of 5558.
2, 7, 397
What are the prime factors of 4032?
2, 3, 7
What are the prime factors of 8559?
3, 317
List the prime factors of 12175.
5, 487
List the prime factors of 29085.
3, 5, 7, 277
What are the prime factors of 20300?
2, 5, 7, 29
What are the prime factors of 20102?
2, 19, 23
List the prime factors of 5133.
3, 29, 59
What are the prime factors of 78145?
5, 15629
What are the prime factors of 445?
5, 89
What are the prime factors of 4043?
13, 311
What are the prime factors of 3114?
2, 3, 173
What are the prime factors of 5082?
2, 3, 7, 11
What are the prime factors of 8953?
7, 1279
List the prime factors of 15065.
5, 23, 131
What are the prime factors of 76?
2, 19
List the prime factors of 8231.
8231
What are the prime factors of 50944?
2, 199
What are the prime factors of 391?
17, 23
List the prime factors of 4185.
3, 5, 31
What are the prime factors of 708?
2, 3, 59
List the prime factors of 8527.
8527
What are the prime factors of 210?
2, 3, 5, 7
List the prime factors of 1273.
19, 67
What are the prime factors of 65380?
2, 5, 7, 467
List the prime factors of 68860.
2, 5, 11, 313
List the prime factors of 331.
331
What are the prime factors of 9261?
3, 7
List the prime factors of 3483.
3, 43
What are the prime factors of 9107?
7, 1301
What are the prime factors of 6254?
2, 53, 59
List the prime factors of 34287.
3, 11, 1039
What are the prime factors of 2098?
2, 1049
List the prime factors of 99009.
3, 19, 193
What are the prime factors of 1031?
1031
What are the prime factors of 981?
3, 109
What are the prime factors of 21511?
7, 439
What are the prime factors of 84698?
2, 42349
What are the prime factors of 80212?
2, 11, 1823
What are the prime factors of 942?
2, 3, 157
List the prime factors of 7606.
2, 3803
What are the prime factors of 1667?
1667
What are the prime factors of 236?
2, 59
What are the prime factors of 24950?
2, 5, 499
What are the prime factors of 1273?
19, 67
List the prime factors of 12855.
3, 5, 857
What are the prime factors of 4162?
2, 2081
What are the prime factors of 7431?
3, 2477
List the prime factors of 959.
7, 137
List the prime factors of 129775.
5, 29, 179
What are the prime factors of 5307?
3, 29, 61
List the prime factors of 3285.
3, 5, 73
What are the prime factors of 768?
2, 3
List the prime factors of 1942.
2, 971
What are the prime factors of 392?
2, 7
What are the prime factors of 1164?
2, 3, 97
What are the prime factors of 31566?
2, 3, 5261
What are the prime factors of 34?
2, 17
List the prime factors of 2035.
5, 11, 37
What are the prime factors of 462?
2, 3, 7, 11
What are the prime factors of 6371?
23, 277
What are the prime factors of 11095?
5, 7, 317
What are the prime factors of 44832?
2, 3, 467
List the prime factors of 4549.
4549
List the prime factors of 56303.
13, 61, 71
List the prime factors of 909.
3, 101
What are the prime factors of 584?
2, 73
What are the prime factors of 44584?
2, 5573
List the prime factors of 19818.
2, 3, 367
List the prime factors of 457.
457
List the prime factors of 45596.
2, 11399
What are the prime factors of 139351?
331, 421
What are the prime factors of 555?
3, 5, 37
What are the prime factors of 911?
911
What are the prime factors of 2595?
3, 5, 173
What are the prime factors of 836?
2, 11, 19
What are the prime factors of 122771?
11, 11161
What are the prime factors of 52402?
2, 7, 19, 197
What are the prime factors of 23515?
5, 4703
List the prime factors of 156.
2, 3, 13
What are the prime factors of 786?
2, 3, 131
List the prime factors of 15673.
7, 2239
List the prime factors of 1251.
3, 139
What are the prime factors of 2291?
29, 79
What are the prime factors of 589?
19, 31
What are the prime factors of 64025?
5, 13, 197
What are the prime factors of 159?
3, 53
List the prime factors of 141.
3, 47
List the prime factors of 16891.
7, 19, 127
List the prime factors of 1057.
7, 151
What are the prime factors of 2434?
2, 1217
List the prime factors of 1834.
2, 7, 131
What are the prime factors of 5470?
2, 5, 547
List the prime factors of 42912.
2, 3, 149
What are the prime factors of 5153?
5153
List the prime factors of 1359.
3, 151
List the prime factors of 19369.
7, 2767
What are the prime factors of 1298?
2, 11, 59
What are the prime factors of 8536?
2, 11, 97
What are the prime factors of 2876?
2, 719
What are the prime factors of 1198?
2, 599
What are the prime factors of 22421?
7, 3203
What are the prime factors of 1647?
3, 61
List the p